s c(0)?
-7
Let c(f) = -2*f**2 + 8*f. Give c(4).
0
Let x(q) = 4*q + 100. Give x(-26).
-4
Let z(q) = q**2 - 122*q + 999. Calculate z(9).
-18
Let p(l) = -624*l + 21217. What is p(34)?
1
Let y(r) = -r**2 + 24*r + 339. What is y(34)?
-1
Let z(d) = -d**3 - 10*d**2 - 31. Calculate z(-11).
90
Let j(s) = 9*s**2 + 393*s - 167. Determine j(-44).
-35
Let w(c) = -22*c**2 + 222*c - 310. What is w(7)?
166
Let i(j) = -j**3 + 11*j**2 - 97. Calculate i(10).
3
Let r(f) = -2*f**2 + 34*f - 6. Give r(19).
-82
Let l(y) = -100*y**2 - 4*y + 5. What is l(1)?
-99
Let m(y) = 4*y**2 - 35*y - 82. Give m(-2).
4
Let i(s) = -90*s + 5753. Give i(64).
-7
Let l(o) = -221*o**3 + 1548*o**2 - 6*o - 12. Determine l(7).
-5
Let l(a) = 33*a**2 - 1317*a - 85. Determine l(40).
35
Let z(f) = f**3 + 122*f**2 - 889*f + 1263. Determine z(5).
-7
Let n(o) = 3*o**2 + 45*o + 73. Calculate n(-13).
-5
Let s(h) = -h**3 - 6*h**2 + 45*h + 237. Give s(-5).
-13
Let l(m) = -9*m - 473. Give l(-49).
-32
Let j(b) = -73*b - 3320. Determine j(-48).
184
Let l(b) = b**3 + 29*b**2 + 212*b + 83. Determine l(-16).
19
Let p(k) = -4*k**3 + 283*k**2 - 205*k - 337. Determine p(70).
13
Let d(b) = 23*b**2 + 4*b - 103. Give d(0).
-103
Let o(g) = -28*g - 39. Calculate o(2).
-95
Let s(i) = -19*i**3 + 79*i**2 - 3*i - 15. Calculate s(4).
21
Let b(n) = n**3 - 3*n**2 + 4*n - 6. Give b(6).
126
Let n(b) = -b**2 - 137*b + 1338. What is n(12)?
-450
Let d(p) = -2*p**3 - 35*p**2 + 56*p + 8. What is d(-19)?
27
Let c(g) = g**3 + 5*g**2 - 5*g - 9. Give c(-5).
16
Let j(v) = -v**3 + 163*v**2 + 207*v - 7094. Calculate j(164).
-42
Let g(t) = -t**2 + 3736*t - 4. What is g(0)?
-4
Let j(l) = -2*l**2 - 88*l + 168. What is j(-46)?
-16
Let b(y) = 426*y + 1712. What is b(-4)?
8
Let h(x) = 9*x**3 + 3*x**2. Determine h(-1).
-6
Let a(n) = -n**3 + 34*n**2 + 29*n + 195. Give a(35).
-15
Let a(h) = 42*h**2 - 6*h - 1. Calculate a(1).
35
Let z(y) = 2*y**2 - 49*y + 292. Determine z(13).
-7
Let z(l) = l**3 - 47*l**2 - 1610*l - 12. Calculate z(-23).
-12
Let o(r) = -2*r**3 - 15*r**2 + 185*r + 1205. Determine o(-6).
-13
Let a(d) = -70*d - 7003. What is a(-102)?
137
Let a(i) = -15590*i + 31185. Determine a(2).
5
Let i(p) = -856*p - 3423. What is i(-4)?
1
Let j(l) = l**2 - 26*l + 78. Give j(5).
-27
Let r(g) = -2*g**3 + 39*g**2 + 15*g + 96. Give r(20).
-4
Let v(t) = -4*t**2 - 132*t - 330. Give v(-30).
30
Let l(n) = -106*n + 291. Give l(5).
-239
Let p(f) = -17*f**3 + 69*f**2 + 124*f - 514. What is p(4)?
-2
Let w(m) = 3*m**2 + 20*m - 7. Give w(2).
45
Let m(g) = -6*g**2 + 1681*g - 5220. Give m(277).
43
Let p(t) = 30*t - 60. Calculate p(4).
60
Let h(c) = c**3 + 6*c**2 + 39*c + 9. Determine h(0).
9
Let d(w) = w**2 + 67*w + 884. Give d(-18).
2
Let j(i) = -1249*i + 38721. Determine j(31).
2
Let d(v) = 231*v + 230. Calculate d(-1).
-1
Let c(p) = p**3 - 7*p**2 - 28*p - 15. Determine c(10).
5
Let j(s) = -s**3 + 49*s**2 + 50*s - 45. What is j(50)?
-45
Let f(i) = -4415*i - 8783. Determine f(-2).
47
Let c(p) = p**2 + 25*p - 57. Calculate c(-13).
-213
Let h(c) = -13*c - 86. Give h(-6).
-8
Let z(n) = -n**3 + 111*n**2 + 1892*n - 244. What is z(126)?
8
Let d(u) = -4*u**2 - 292*u - 3371. Calculate d(-59).
-67
Let c(s) = -s**3 + 29*s**2 - 55*s - 13. Give c(27).
-40
Let z(k) = -k**3 - 16*k**2 - 21*k - 79. Determine z(-15).
11
Let b(p) = p**2 + 191*p + 8197. What is b(-126)?
7
Let t(u) = u**3 - 79*u - 49. What is t(-6)?
209
Let f(x) = -x**3 - 19*x**2 + 176*x + 2. Give f(7).
-40
Let o(v) = -5*v**2 - 30*v - 36. Give o(-4).
4
Let z(t) = -3*t**3 - 17*t**2 + 49*t - 14. Give z(-8).
42
Let y(n) = -37*n + 796. Calculate y(22).
-18
Let n(b) = 266*b - 85116. Determine n(320).
4
Let t(l) = -2*l**3 + 42*l**2 + 48*l + 26. Calculate t(22).
114
Let k(m) = 13*m + 65. Give k(2).
91
Let l(y) = 3*y + 84. Give l(-18).
30
Let z(w) = -1622*w + 1611. What is z(1)?
-11
Let r(h) = h**3 - 65*h**2 - 33*h - 6766. Calculate r(67).
1
Let g(y) = 110*y - 1382. What is g(13)?
48
Let z(r) = 616*r - 3632. Give z(7).
680
Let c(b) = -b**3 - 70*b**2 - 248*b + 1056. Calculate c(-66).
0
Let f(v) = 11*v**2 + 14*v - 5. Calculate f(-2).
11
Let i(u) = u**3 - 39*u**2 - 20*u - 119. Give i(40).
681
Let t(i) = -i**2 + 60*i + 851. Calculate t(72).
-13
Let s(a) = -a**3 - 32*a**2 - 62*a - 57. Give s(-30).
3
Let h(a) = 26*a - 143. Give h(-13).
-481
Let c(m) = -m**2 + 285*m - 833. Give c(3).
13
Let o(y) = -12*y - 404. Give o(-33).
-8
Let p(j) = -j**2 + 6*j + 117. Give p(-8).
5
Let w(p) = -p**3 - 59*p**2 + 56*p - 139. Calculate w(-60).
101
Let m(c) = c**3 - 8*c**2 + 8*c + 6. Give m(4).
-26
Let x(b) = -7*b**3 + 21*b**2 - 35*b + 23. Calculate x(1).
2
Let d(t) = -2*t**3 + t**2 - 14*t + 12. What is d(3)?
-75
Let o(a) = -3875*a + 15493. Calculate o(4).
-7
Let o(k) = k**3 + 44*k**2 + 195*k - 6. What is o(-39)?
-6
Let m(j) = 16*j + 308. Give m(-31).
-188
Let o(c) = 25*c + 21. Give o(-5).
-104
Let x(m) = 3*m**2 - 215*m - 857. Give x(-4).
51
Let s(a) = -a**3 - 20*a**2 + 154*a - 8. Calculate s(-26).
44
Let g(f) = f**3 + 35*f**2 - 124*f - 378. Determine g(-38).
2
Let l(c) = c**3 + 44*c**2 - 142*c - 39. Determine l(-47).
8
Let a(m) = -m**3 - 23*m**2 - 134*m - 540. Determine a(-17).
4
Let a(v) = -12*v**2 - 71*v - 11. Calculate a(-6).
-17
Let o(f) = -30*f - 94. Give o(-14).
326
Let o(r) = 715*r - 9. Determine o(0).
-9
Let h(u) = 2*u - 64. What is h(39)?
14
Let f(z) = -6*z**3 + 2*z**2 + 14*z - 90. Calculate f(6).
-1230
Let s(a) = 2*a**2 + 81*a - 6. Calculate s(-34).
-448
Let n(f) = 5*f**3 - 33*f**2 - 68*f + 373. Give n(7).
-5
Let d(r) = -2*r**3 + 29*r**2 - 21*r + 68. What is d(14)?
-30
Let o(c) = c**3 + c**2 + 32*c + 54. Calculate o(-2).
-14
Let t(a) = -70*a + 353. Give t(6).
-67
Let h(l) = -l**3 + 23*l**2 + 81*l - 3. Calculate h(26).
75
Let i(u) = 42*u + 1424. Calculate i(-34).
-4
Let k(m) = -26*m + 74. What is k(7)?
-108
Let q(l) = 1452*l + 2911. What is q(-2)?
7
Let i(y) = 77*y**2 + 11*y + 17. Give i(-2).
303
Let d(y) = 69*y**2 + 209*y - 15. Give d(-3).
-21
Let p(q) = -49*q**2 + 430*q - 19. What is p(9)?
-118
Let n(k) = -k**3 + 36*k**2 + 38*k - 25. Determine n(37).
12
Let z(u) = 3*u**2 - 173*u + 76. Give z(56).
-204
Let r(q) = -2*q**2 - 28*q + 28. What is r(0)?
28
Let a(g) = -16*g**2 - 13*g - 11. What is a(-3)?
-116
Let z(l) = -30*l - 387. Give z(-14).
33
Let l(y) = 42*y - 2058. Give l(49).
0
Let s(f) = f**3 - 51*f**2 + 2*f + 1. Give s(51).
103
Let m(f) = 28*f - 3930. What is m(140)?
-10
Let w(j) = 16*j + 55. Calculate w(10).
215
Let c(h) = 6101*h + 42708. Determine c(-7).
1
Let k(d) = -32*d - 4813. Give k(-150).
-13
Let w(u) = u**3 + 71*u**2 + 81*u + 780. What is w(-70)?
10
Let g(i) = 5*i**2 + 132*i + 511. Determine g(-4).
63
Let b(d) = -17*d**2 + 60*d - 206. What is b(5)?
-331
Let q(d) = -6*d - 16. Calculate q(-48).
272
Let i(n) = 2*n**3 + 18*n**2 + 22*n + 41. Give i(-8).
-7
Let j(f) = 6*f - 57. Determine j(16).
39
Let q(h) = -3793*h + 68276. Give q(18).
2
Let k(v) = -98*v - 1247. What is k(-11)?
-169
Let c(y) = 430*y - 1704. Give c(4).
16
Let s(h) = -138*h + 1808. Give s(13).
14
Let d(k) = -k**2 + 10*k + 832. Calculate d(50).
-1168
Let o(v) = v**2 - 48*v - 856. Calculate o(-14).
12
Let l(b) = -151*b + 856. What is l(6)?
-50
Let n(c) = -3*c + 50. Give n(26).
-28
Let f(a) = a**3 - 17*a**2 + 33*a - 36. Calculate f(15).
9
Let z(q) = -23*q**2 - 264*q + 804. What is z(3)?
-195
Let a(k) = -10429*k - 62573. Calculate a(-6).
1
Let n(h) = 12*h + 33. Give n(-15).
-147
Let i(y) = -2*y**2 - 79*y - 615. Determine i(-19).
164
Let j(o) = -4*o**3 + 348*o**2 - o + 210. Give j(87).
123
Let u(o) = 76*o - 4. Give u(1).
72
Let t(f) = 288*f - 125. Give t(2).
451
Let c(b) = -27*b**2 + 168*b + 3. Give c(4).
243
Let x(c) = -c**3 + 55*c**2 - 64*c + 524. Give x(54).
-16
Let b(l) = 230*l - 53108. What is b(231)?
22
Let y(k) = 83*k - 4186. What is y(50)?
-36
Let j(m) = m**2 - 349*m - 344. Give j(-1).
6
Let f(u) = u**3 + 67*u**2 - 208*u - 172. Give f(-70).
-312
Let u(x) = x**2 - 29*x + 192. Calculate u(15).
-18
Let w(f) = -79*f - 401. Calculate w(-5).
-6
Let v(n) = -7*n**2 + 88*n - 275. Determine v(5).
-10
Let d(s) = 8*s**3 + 2*s**2 - 4*s - 7. What is d(-3)?
-193
Let j(q) = -8*q**2 - 17*q + 21. Determine j(-6).
-165
Let i(d) = -21*d**2 + 37*d + 47. What is i(-1)?
-11
Let c(r) = 17*r + 92. Determine c(-5).
7
Let r(p) = 2*p**3 - 12*p**2 + 5*p - 15. Calculate r(5).
-40
Let